+ 4 + -8
3
Calculate 5 + -8 + 4 + -1.
0
Calculate 18 + -11 - (-2 - -5).
4
Evaluate (3 - (1 - 1) - 5) + -1.
-3
Calculate 13 + -22 - (-8 + 1).
-2
Calculate (3 - (-6 + 5)) + -3 + -4.
-3
-6 + (3 - (1 - 1))
-3
What is the value of 0 + 4 - (11 - 8)?
1
What is -5 + 1 - (1 - (5 - 0))?
0
Calculate 5 + (5 - (3 + 4)).
3
-7 + 13 + -13 + 4
-3
Calculate ((5 - 1) + -10 - -13) + -6.
1
What is the value of (1 - 1) + (102 - 102)?
0
What is (-1 - -2 - -2) + 28 + -30?
1
What is (6 - (1 + 1)) + 1 + -9?
-4
9 - ((-13 - -8) + 9)
5
0 + (-7 - (-1 - 3)) + -1
-4
What is -4 + 1 - (259 - 252)?
-10
What is -3 + -1 - 1 - (-1 - 3)?
-1
Calculate 7 + (-6 - -3) - 3.
1
Calculate 0 - 6 - (-65 - -61).
-2
What is 2 + 12 + -8 + -7?
-1
What is -2 - ((-8 - -5) + -1)?
2
Calculate (-4 - (5 + -4 + -1)) + 0.
-4
Calculate -7 - (-1 + -4) - (12 + -10).
-4
What is the value of 7 + (2 - (6 + -2))?
5
What is (-1 - -4) + -5 + 1?
-1
(2 - 4) + 20 + -20
-2
Evaluate 2 + 4 + 2 + -8 + 1.
1
What is the value of -4 + 2 - (2 + -3)?
-1
Calculate (-5 - 1) + (-3 - -3) + 1.
-5
What is -6 - (-3 + 4 + -3)?
-4
Calculate -5 + 2 + (19 - 17).
-1
What is the value of (-5 + 7 - -5) + -4 + 0?
3
0 + (2 - 3) - (7 - 4)
-4
Calculate 3 + (-8 - (8 - 3 - 11)).
1
What is 7 + -2 + -2 + -2?
1
What is -2 + 17 + 4 + -10 - 3?
6
What is 1 - (-1 - -1 - -2 - -5)?
-6
Calculate (2 - 6) + 3 + 0.
-1
Evaluate (-3 - -4) + 1 - 5.
-3
-8 + (-1 + 1 - -4)
-4
Calculate -33 + 20 + (1 - (0 - 6)).
-6
6 + (-7 - -4) - 0
3
Calculate (1 - -2) + -2 - (6 - 7).
2
-2 - (-10 + 5 + 0)
3
Evaluate 1 + (0 - -4) + (-27 - -27).
5
What is 11 + 3 + -15 - -2?
1
-2 - ((-12 - -6) + 3)
1
-3 - (1 + -5 + 3 + 0)
-2
-2 + 2 - 3 - (-4 - -2)
-1
What is -8 - -3 - (2 - (2 - 0))?
-5
What is (10 - 1) + -45 + 44?
8
What is 4 + (-5 + 1 + 4 - 9)?
-5
-2 - (5 + -7 + -6)
6
(7 - -4 - 21) + 6
-4
What is 0 + (-2 - (-3 + 1))?
0
-4 - (6 + -3 + -9 + 3)
-1
2 + -4 - (-3 + 18 - 10)
-7
What is the value of 1 - -4 - (17 + -11)?
-1
What is the value of -14 - (5 - 1 - 9)?
-9
What is the value of 1 - (-23 + 18 + 2 + -1)?
5
Calculate 0 - ((5 - -2) + 2 + -16).
7
What is 3 - (3 + -2 - (-11 - -16))?
7
Evaluate (7 - -1) + (16 - (32 - 10)).
2
Evaluate -2 + 4 + -4 + -4 + 7.
1
Evaluate 5 + 0 + -1 + 23 + -22.
5
Evaluate 1 + 2 + -2 - 2.
-1
Evaluate -7 + -22 + 13 - (-1 - 4).
-11
Evaluate -15 + 0 + 4 + -7 + 8.
-10
What is 5 + 0 + -8 + -6 + 12?
3
9 - (1 + -10 + (26 - 18))
10
Calculate (-9 + -9 - -25) + (-5 - -1).
3
Evaluate -2 - 1 - (-10 + 0).
7
Evaluate -6 + (-3 - (-1 - (7 - 4))).
-5
Calculate 2 + -7 + 0 - -4.
-1
Calculate -9 + 0 + 1 + 110 + -103.
-1
What is (-1 - -2 - 0) + 1?
2
Calculate (3 - ((0 - 2) + 7)) + 1.
-1
Evaluate 1 + -5 + -2 - -9.
3
What is the value of 3 + -4 - ((1 - 6) + 0)?
4
Evaluate -1 - (1 + 11 + -5 + -2).
-6
-1 - (10 + (-5 - -2))
-8
Evaluate 3 + (0 - (-2 + -6 + 6)).
5
Evaluate -4 + -5 + -2 - -6.
-5
Evaluate 3 + 1 + (-2 - 8) + 3.
-3
Evaluate (3 - -1) + 12 + -15.
1
Evaluate 2 + (-11 - (-2 + (-6 - -5))).
-6
Evaluate -4 + -5 + (9 - 1).
-1
What is -4 + (-1 - 4) + (5 - -2)?
-2
Calculate (-1 + 3 - -5 - -6) + -6.
7
What is the value of -27 - -17 - (-4 - -1)?
-7
Calculate (1 - 7) + (8 - (5 - -4)).
-7
(-11 - (4 - 14)) + -3
-4
Evaluate -5 - (-6 - ((1 - -5) + -6)).
1
29 - 30 - (0 + 0)
-1
What is the value of 4 - (2 - (3 + -3))?
2
What is the value of -2 + 1 - (4 + -8)?
3
-7 - (-7 - -5 - 4)
-1
What is the value of 1 + 3 - (7 + 0 + 2)?
-5
(1 - 1) + (0 - (6 - 4))
-2
Evaluate 6 + -11 + -2 - (-7 - 0).
0
What is the value of -25 - (-4 - (9 + 1))?
-11
Calculate 4 - (5 - 5 - -6).
-2
What is 4 + -1 + (-4 - -4)?
3
Calculate 5 - (4 + -8 + 4).
5
Evaluate (0 - (-3 + 4)) + 3.
2
Evaluate -1 + 2 - (4 - 5).
2
What is the value of -5 + -2 + (6 - 1) + -2?
-4
What is the value of 3 - (-1 + (-2 - (-2 + -2)))?
2
What is the value of -1 - (1 + (-2 - -4))?
-4
Calculate -2 - (-15 + 10 + 5).
-2
Evaluate (-27 - -20) + (12 - 1).
4
2 + -1 - (-4 + (-1 - -3))
3
Calculate (-8 - (-6 + -5)) + 3.
6
What is the value of (26 + -34 - (-18 + 2)) + -13?
-5
Evaluate 1 + (0 - 0) + -2 + 0.
-1
Calculate (-4 - -2) + -4 + 4.
-2
What is the value of -5 + (4 - 3) + 7?
3
What is (0 - 1) + -3 - (0 - 0)?
-4
-10 + 9 + (1 - 4)
-4
What is the value of -4 - -1 - (1 - -1)?
-5
-4 + (2 - (4 + -7))
1
Calculate 1 + 1 + -2 + 16 + -18.
-2
Calculate -4 + (5 + -4 + 0 - 0).
-3
What is -4 + 3 + 2 - 2?
-1
What is 9 + (3 - 1) - 1?
10
Calculate 4 + -8 + 9 + -12.
-7
What is (-2 - -5) + 4 - 8?
-1
Evaluate 1 - (-3 - (-10 - -3)).
-3
Evaluate -4 + 6 + 5 + -8.
-1
Calculate -5 + 3 + 6 + (-9 - -6).
1
Evaluate 5 + (-9 + -2 - -3).
-3
What is -3 - (51 - 49 - (-1 + 5))?
-1
What is (-3 - -2) + 6 + 0 + -1?
4
What is the value of 31 - 40 - (-5 - 1)?
-3
What is the value of 0 - (-9 - (-14 + 12))?
7
Evaluate 3 + (-2 - (-2 + -3)) - 6.
0
What is the value of -1 + -10 + 7 + -1?
-5
Calculate -2 + -2 + 2 + 12 + -7.
3
What is the value of -7 + 8 + 8 + -5?
4
Evaluate 4 - (2 + 3 + -2) - 1.
0
What is the value of 6 - (0 + (2 - 1))?
5
What is -2 + 1 + (-6 - (-3 - 6))?
2
-8 - 5 - -9 - (-2 - 1)
-1
What is 5 + (1 + 1 - 0)?
7
Calculate 3 + (-6 - (3 + -7 + 4)).
-3
What is (5 - (-6 - -4)) + (1 - 1)?
7
What is the value of -5 - -2 - (5 + -10)?
2
Calculate -9 + -4 + 7 + 2.
-4
Calculate (-4 - 1 - (-4 - 7)) + -4.
2
What is the value of 2 + 1 + (-11 - -4 - -4)?
0
1 - -7 - (-39 - -45)
2
What is 11 + -21 + 13 + 6 + -2?
7
What is 0 - (-9 + 7) - 8?
-6
What is 6 - (-5 + 13 + -6)?
4
(-9 - -9) + (6 - 3)
3
Calculate -2 + (9 - (-9 + 13)).
3
What is the value of -15 - -16 - (1 + -4 + 2)?
2
Evaluate -7 - 3 - (-12 + -4).
6
Calculate 0 - (-3 - (4 + -3)).
4
Evaluate -6 + 5 + -1 + 0.
-2
-9 + 2 + 7 + -1
-1
Calculate 2 + (-2 - (1 + -4)) + 2.
5
What is (1 - -2 - 3) + -5?
-5
What is the value of -3 + (-1 - ((0 - -2) + -8))?
2
Calculate -10 - (8 + -7 + -5) - -2.
-4
What is (-4 + -9 - -17) + (0 - 8)?
-4
Evaluate -3 + 4 + 1 - 6.
-4
Evaluate -3 - (-4 + -2 - -1).
2
-3 + 0 + -1 + 5 + -4
-3
What is the value of 1 - (-3 + 1 - (14 - 13))?
4
Evaluate -4 + (12 - (4 - -4)).
0
-1 + -3 + -4 + 7 - 0
-1
Calculate -2 - (9 + -4 + -4).
-3
What is -2 + (-2 - 1) - -1?
-4
Evaluate (2 - 0) + 31 + -29 + -5.
-1
What is the value of 6 - (1 + 0 - -7)?
-2
2 - (1 + -3 + 1) - 3
0
What is -3 - (4 + -5 + -4) - 7?
-5
Evaluate (-6 - -4) + 3 - -3.
4
Calculate 4 + -7 + 5 - (2 + -1).
1
What is the value of -2 - (2 + 2 + -3)?
-3
What is (-2 - -5) + -1 + 2 + -2?
2
What is the value of -5 - (7 - 10) - (1 + 1)?
-4
What is the value of 4 + (-3 - (1 + -2)) + 3?
5
What is the value of (-7 - -1) + -5 + 8 - 1?
-4
-1 + (-5 - -11) - 4
1
Evaluate -3 + 3 - (-2 - 0) - 7.
-5
What is the value of 30 + -24 - (0 - -4)?
2
Evaluate -3 + 0 - (-4 - 2).
3
What is -1 + -2 + (37 - 31)?
3
-3 + 4 + (3 - 6 - -2)
0
Evaluate (6 - 5) + 8 + -14.
-5
2 - 1 - -1 - (13 + -17)
6
What is the value of 0 + 1 + -3 - (-2 - 3)?
3
Evaluate 20 + -14 - (0 - 0) - -1.
7
1 - (3 + -4 - -1)
1
Evaluate (0 - 5) + 7 + -21 + 25.
6
Calculate (1 - 4) + -6 + 2 + 6.
-1
Calculate (9 - 3) + (0 - 4).
2
What is the value of 6 + -2 + -1 + -3?
0
-3 + (0 - (-5 + 3)) - -3
2
What is -5 + (-9 - -9) + -2?
-7
What is the value of 68 + -74 - (-2 + 0 - 11)?
7
0 - -6 - (9 + -5)
2
2 + -1 + -4 - 2 - -1
-4
Calculate (-13 - (-31 - -11)) + 1 + -5.
3
Calculate -6 + 10 - -2 - 4 - -8.
10
Calculate 4 - 5 - (11 + -9).
-3
(-17 - -9) + 9 - (-1 - -1)
1
Calculate (0 - 0) + 0 + (-1 - -6).
5
(-5 - (-8 - -6)) + (8 - 1)
4
What is 5 - ((-9 - -5 - -3) + 8)?
-2
Calculate (2 - 11) + -2 - -21.
10
What is (-8 - 5) + 0 - -9?
-4
What is 0 - (2 + 2 + -7)?
3
-1 + 3 + -3 - (-7 + 2)
4
Calculate -1 + -2 + -1 + 0.
-4
What is the value of 1 - (3 - (-1 + 3))?
0
Evaluate -3 - (0 - 2 - (4 - 5)).
-2
(6 - 2) + (5 - 10 - -2)
1
What is the value of -1 - -6 - 10 - (-1 - 1)?
-3
What is the value of -3 - (-5 + (-1 - -2)) - 3?
-2
(-4 - -4 - (-4 - -1)) + 1
4
(-14 - (-16 - -8)) + 4
-2
Calculate 2 - (2 - (1 - (0 + -1))).
2
Calculate 0 - 5 - (2 + (-2 - 2)).
-3
Calculate -17 - (-2 + -7 + 0).
-8
Calculate (1 - 8) + (-2 - -8) + -1.
-2
Evaluate -2 - (2 + 5 - 16).
7
-12 + (0 - -3) + -2 + 6
-5
What is (-14 - 0) + 2 + 5 + -1?
-8
What is (-2 - -3) + (-2 - (9 - 6))?
-4
-9 + (-3 - (-11 - -4))
-5
Calculate -4 - (-1 + 4 + -3 + -4).
0
Calculate 2 + 0 + -2 + 3.
3
What is the value of 0 + 2 - (2 - -2)?
-2
What is the value of -20 + 12 - (-13 - -1)?
4
What is -13 + 18 + -7 + -1?
-3
Calculate -1